{"id":1934,"date":"2019-05-04T01:36:11","date_gmt":"2019-05-03T23:36:11","guid":{"rendered":"http:\/\/vtmauto.nuagemagique.xyz\/wp\/?page_id=1934"},"modified":"2019-05-04T01:36:15","modified_gmt":"2019-05-03T23:36:15","slug":"cookies","status":"publish","type":"page","link":"https:\/\/vtmauto.fr\/?page_id=1934","title":{"rendered":"Cookies"},"content":{"rendered":"<h2><span style=\"color: #66ab53;\">Cookies strictement n\u00e9cessaires \u00e0 l\u2019utilisation du service demand\u00e9.<\/span><\/h2>\n<p>Ils permettent l\u2019utilisation des principales fonctionnalit\u00e9s du site, comme de m\u00e9moriser les pr\u00e9f\u00e9rences d&rsquo;affichage de votre terminal (langue, param\u00e8tres d&rsquo;affichage) et d&rsquo;en tenir compte lors de vos visites, selon la charte graphique et les logiciels de visualisation ou de lecture de votre terminal. Ils peuvent inclure des cookies de r\u00e9seaux sociaux lorsque vous interagissez avec ces derniers. Ils nous permettent aussi de lier entre elles les diff\u00e9rentes pages consult\u00e9es pour vous assurer une navigation fluide.<\/p>\n<p class=\"param\">Pour param\u00e9trer :<\/p>\n<div id=\"parametrer1\" class=\"parametrer\">\n<p>Vous pouvez d\u00e9sactiver compl\u00e8tement les cookies dans votre navigateur. Dans ce cas notre site ne fonctionnera plus normalement mais vous pourrez quand m\u00eame effectuer des actions basiques.<\/p>\n<\/div>\n<div class=\"bloc\">\n<h2><span style=\"color: #66ab53;\">Cookies de mesure d\u2019audience et de statistiques.<\/span><\/h2>\n<p>Ils nous permettent de faire vivre le site et d\u2019\u00e9tablir des statistiques et comptages de fr\u00e9quentation et d&rsquo;utilisation de ses rubriques et contenus, pour r\u00e9aliser des \u00e9tudes afin d\u2019am\u00e9liorer le contenu (mesure du nombre de visites, de pages vues ou encore de l&rsquo;activit\u00e9 des visiteurs sur le site et de leur fr\u00e9quence de retour). Ils nous permettent \u00e9galement d\u2019analyser la navigation des internautes afin d\u2019am\u00e9liorer notre service ou de d\u00e9tecter des dysfonctionnements.<\/p>\n<\/div>\n<div class=\"bloc pj-custom-zechner\"><\/div>\n<h2><span style=\"color: #66ab53;\">Cookies publicitaires de soci\u00e9t\u00e9s partenaires.<\/span><\/h2>\n<p>Ils sont susceptibles d\u2019\u00eatre plac\u00e9s dans votre terminal, afin d\u2019identifier vos centres d\u2019int\u00e9r\u00eat au travers des produits consult\u00e9s sur notre site et de collecter des donn\u00e9es de navigation afin de personnaliser l\u2019offre publicitaire qui vous est adress\u00e9e sur et en dehors de nos sites.<\/p>\n<p>Vous pouvez \u00e9galement vous opposer \u00e0 tous les cookies tiers depuis votre navigateur.<\/p>\n<p class=\"cnil\">La CNIL propose par ailleurs sur son site \u00e0 l\u2019adresse <a class=\"commons-link\" href=\"https:\/\/www.cnil.fr\/vos-droits\/vos-traces\/les-cookies\/conseils-aux-internautes\" target=\"_blank\" rel=\"noopener noreferrer\">https:\/\/www.cnil.fr\/vos-droits\/vos-traces\/les-cookies\/conseils-aux-internautes<\/a> un large panel d\u2019outils permettant de limiter la tra\u00e7abilit\u00e9 de votre navigation sur Internet : extensions pour votre navigateur permettant de bloquer les traceurs, les boutons de partage sur les r\u00e9seaux sociaux, le chargement de ressources en provenance d\u2019autres sites\u2026<\/p>\n","protected":false},"excerpt":{"rendered":"<p>Cookies strictement n\u00e9cessaires \u00e0 l\u2019utilisation du service demand\u00e9. Ils permettent l\u2019utilisation des principales fonctionnalit\u00e9s du site, comme de m\u00e9moriser les pr\u00e9f\u00e9rences d&rsquo;affichage de votre terminal (langue, param\u00e8tres d&rsquo;affichage) et d&rsquo;en tenir compte lors de vos visites, selon la charte graphique et les logiciels de visualisation ou de lecture de votre&hellip; <\/p>\n<p class=\"link-more\"><a href=\"https:\/\/vtmauto.fr\/?page_id=1934\" class=\"more-link\">Lire la suite\u00a0<span class=\"screen-reader-text\">Cookies<\/span><\/a><\/p>\n","protected":false},"author":1,"featured_media":0,"parent":0,"menu_order":0,"comment_status":"closed","ping_status":"closed","template":"","meta":{"footnotes":""},"class_list":["post-1934","page","type-page","status-publish","hentry"],"_links":{"self":[{"href":"https:\/\/vtmauto.fr\/index.php?rest_route=\/wp\/v2\/pages\/1934","targetHints":{"allow":["GET"]}}],"collection":[{"href":"https:\/\/vtmauto.fr\/index.php?rest_route=\/wp\/v2\/pages"}],"about":[{"href":"https:\/\/vtmauto.fr\/index.php?rest_route=\/wp\/v2\/types\/page"}],"author":[{"embeddable":true,"href":"https:\/\/vtmauto.fr\/index.php?rest_route=\/wp\/v2\/users\/1"}],"replies":[{"embeddable":true,"href":"https:\/\/vtmauto.fr\/index.php?rest_route=%2Fwp%2Fv2%2Fcomments&post=1934"}],"version-history":[{"count":2,"href":"https:\/\/vtmauto.fr\/index.php?rest_route=\/wp\/v2\/pages\/1934\/revisions"}],"predecessor-version":[{"id":8917,"href":"https:\/\/vtmauto.fr\/index.php?rest_route=\/wp\/v2\/pages\/1934\/revisions\/8917"}],"wp:attachment":[{"href":"https:\/\/vtmauto.fr\/index.php?rest_route=%2Fwp%2Fv2%2Fmedia&parent=1934"}],"curies":[{"name":"wp","href":"https:\/\/api.w.org\/{rel}","templated":true}]}}