

{"id":1608,"date":"2018-09-21T07:16:35","date_gmt":"2018-09-21T07:16:35","guid":{"rendered":"https:\/\/demo.wpautolistings.com\/checkout\/"},"modified":"2021-10-05T23:07:56","modified_gmt":"2021-10-05T21:07:56","slug":"checkout","status":"publish","type":"page","link":"https:\/\/vtmauto.fr\/?page_id=1608","title":{"rendered":"VTMAUTO"},"content":{"rendered":"<h1 style=\"text-align: center;\"><span style=\"color: #66ad3d;\">V\u00e9hicules d&rsquo;occasion toutes marques en Seine-et-Marne<\/span><\/h1>\n<div id=\"1695754861\" class=\"u_1695754861 dmNewParagraph\" data-dmtmpl=\"true\" data-uialign=\"center\">\n<div>&nbsp;<\/div>\n<div>\n<div>Situ\u00e9e dans le sud de la <b>Seine-et-Marne<\/b> \u00e0 Moret-loing-et-orvanne, <b>VTM AUTO<\/b>, soci\u00e9t\u00e9 cr\u00e9\u00e9e en 2017, est sp\u00e9cialis\u00e9e dans la <b><a href=\"https:\/\/vtmauto.fr\/?post_type=auto-listing\">vente de v\u00e9hicules<\/a> utilitaires l\u00e9gers d\u2019occasion<\/b>.<\/div>\n<div>&nbsp;<\/div>\n<div>Nous proposons des v\u00e9hicules de soci\u00e9t\u00e9 et de tourisme toutes marques destin\u00e9s aux professionnels et aux particuliers.<\/div>\n<div>&nbsp;<\/div>\n<div>La majorit\u00e9 des v\u00e9hicules sont issus de retours de leasing (location longue dur\u00e9e). Ils sont vendus avec un suivi et un historique d\u2019entretien. La TVA est r\u00e9cup\u00e9rable pour les professionnels.<\/div>\n<div>&nbsp;<\/div>\n<div>Tous nos v\u00e9hicules sont pr\u00e9par\u00e9s, r\u00e9vis\u00e9s et b\u00e9n\u00e9ficient d\u2019une <b>garantie de minimum 3 mois<\/b> avec extension possible.<\/div>\n<\/div>\n<\/div>\n<div>&nbsp;<\/div>\n<div><div id=\"metaslider-id-2376\" style=\"width: 100%;\" class=\"ml-slider-3-106-0 metaslider metaslider-flex metaslider-2376 ml-slider ms-theme-default nav-hidden\" role=\"region\" aria-label=\"VTM v\u00e9hicules\" data-height=\"400\" data-width=\"1920\">\n    <div id=\"metaslider_container_2376\">\n        <div id=\"metaslider_2376\" class=\"flexslider\">\n            <ul class='slides'>\n                <li style=\"display: block; width: 100%;\" class=\"slide-8873 ms-image \" aria-roledescription=\"slide\" data-date=\"2021-09-30 18:57:18\" data-filename=\"IMG_21MLO-1920x400.jpg\" data-slide-type=\"image\"><img loading=\"lazy\" decoding=\"async\" src=\"https:\/\/vtmauto.fr\/wp-content\/uploads\/2021\/09\/IMG_21MLO-1920x400.jpg\" height=\"400\" width=\"1920\" alt=\"VTM AUTO\" class=\"slider-2376 slide-8873 msDefaultImage\" title=\"VTM AUTO\" \/><\/li>\n                <li style=\"display: none; width: 100%;\" class=\"slide-8875 ms-image \" aria-roledescription=\"slide\" data-date=\"2021-09-30 19:02:08\" data-filename=\"IMG_11MLO-1-1920x400.jpg\" data-slide-type=\"image\"><img loading=\"lazy\" decoding=\"async\" src=\"https:\/\/vtmauto.fr\/wp-content\/uploads\/2021\/09\/IMG_11MLO-1-1920x400.jpg\" height=\"400\" width=\"1920\" alt=\"VTM AUTO\" class=\"slider-2376 slide-8875 msDefaultImage\" title=\"VTM AUTO\" \/><\/li>\n            <\/ul>\n        <\/div>\n        \n    <\/div>\n<\/div><\/div>\n<div id=\"1695754861\" class=\"u_1695754861 dmNewParagraph\" data-dmtmpl=\"true\" data-uialign=\"center\">\n<div>\n<div id=\"grammalecte_menu5_shadow\" style=\"display: none; position: absolute; width: 0px; height: 0px; margin-top: -6px;\">&nbsp;<\/div>\n<div style=\"display: none; position: absolute; width: 0px; height: 0px; margin-top: -14px;\">&nbsp;<\/div>\n<div id=\"grammalecte_menu5_shadow\" style=\"display: none; position: absolute; width: 0px; height: 0px; margin-top: -6px;\">&nbsp;<\/div>\n<div style=\"display: none; position: absolute; width: 0px; height: 0px; margin-top: -14px;\">&nbsp;<\/div>\n<h2 style=\"text-align: center;\"><span style=\"color: #66ad3d;\">Reprise de v\u00e9hicule pr\u00e8s de Melun<\/span><\/h2>\n<p style=\"text-align: center;\">Vous souhaitez vendre rapidement votre voiture ? VTM AUTO vous propose des solutions dans le cadre d\u2019une reprise de votre v\u00e9hicule, de financement et de d\u00e9marches administratives concernant vos cartes grises.<\/p>\n<p>Pour plus de renseignements, <a href=\"http:\/\/vtmauto.nuagemagique.xyz\/wp\/conact\">contactez-nous<\/a>.<\/p>\n<\/div>\n<\/div>\n<div id=\"1114628013\" class=\"u_1114628013 dmRespRow wow fadeIn\" data-anim-desktop=\"fadeIn\">\n<div id=\"1586698269\" class=\"dmRespColsWrapper\">\n<div id=\"1417174032\" class=\"dmRespCol large-12 medium-12 small-12\">\n<h2 id=\"1523238651\" class=\"u_1523238651\" style=\"text-align: center;\" data-uialign=\"center\" data-editor-state=\"closed\"><span style=\"color: #66ad3d;\">Situer VTM AUTO<\/span><\/h2>\n<div id=\"1419270524\" class=\"u_1419270524 dmFullHomeSectionTxt dmNewParagraph dmFullHomeSectionLeft dmBlockElement\" data-dmtmpl=\"true\" data-uialign=\"center\" data-editor-state=\"closed\">\u00c0 <strong>Moret-loing-et-orvanne<\/strong> dans le d\u00e9partement de la Seine-et-Marne, VTM AUTO, votre expert dans la vente de v\u00e9hicules utilitaires, se situe dans la zone industrielle des renardi\u00e8res \u00e0 <strong>Ecuelles<\/strong>, au bord de la d\u00e9partementale 606.<\/div>\n<div data-dmtmpl=\"true\" data-uialign=\"center\" data-editor-state=\"closed\">&nbsp;<\/div>\n<\/div>\n<\/div>\n<\/div>\n\n\n<div style=\"height:37px\" aria-hidden=\"true\" class=\"wp-block-spacer\"><\/div>\n\n\n\n        <div id=\"map_ol3js_1\"\n             class=\"map undefined\"\n             data-map_name=\"undefined\"\n             data-map=\"map_ol3js_1\"\n             style=\"width:95%;\n                    max-width:100%;\n                    height:450px;\n                    display:block;\n                    overflow:hidden;\n                    border:thin solid green;\">\n          <div id=\"map_ol3js_1_popup\" class=\"ol-popup\">\n            <a href=\"#\" id=\"map_ol3js_1_popup-closer\" class=\"ol-popup-closer\"><\/a>\n            <div id=\"map_ol3js_1_popup-content\"><\/div>\n          <\/div>\n        <\/div>\n    \n\n\t\t\t\t<script type=\"text\/javascript\">\n\t\t\t\t\ttranslations['openlayer'] = \"open layer\";\n\t\t\t\t\ttranslations['openlayerAtStartup'] = \"open layer at startup\";\n\t\t\t\t\ttranslations['generateLink'] = \"link to this map with opened layers\";\n\t\t\t\t\ttranslations['shortDescription'] = \"short description\";\n\t\t\t\t\ttranslations['generatedShortCode'] = \"to get a text control link paste this code in your wordpress editor\";\n\t\t\t\t\ttranslations['closeLayer'] = \"close layer\";\n\t\t\t\t\ttranslations['cantGenerateLink'] = \"put this string in the existing map short code to control this map\";\n\t\t\t  <\/script>\n\n\n\t\t\t  <script type=\"text\/javascript\">\n\t\t\t  vectorM['map_ol3js_1'] = [];\n\t        \n        var raster = getTileLayer(\"osm\",\"NoKey\");\t\t\t\n\n\t\t\t  var map_ol3js_1 = new ol.Map({\n\t\t\t\tinteractions: ol.interaction.defaults.defaults({mouseWheelZoom:false}),\n\t\t\t\tlayers: [raster],\n\t\t\t\ttarget: \"map_ol3js_1\",\n\t\t\t\tview: new ol.View({\n\t\t\t\t  center: ol.proj.transform([2.8392,48.3714], \"EPSG:4326\", \"EPSG:3857\"),\n\t\t\t\t  zoom: 15.0\n\t\t\t\t})\n\t\t\t  });\n\t\t\t  osm_addMarkerLayer(map_ol3js_1,2.8411,48.3723,\"https:\/\/vtmauto.fr\/wp-content\/plugins\/osm\/icons\/mic_green_car_01.png\",-16,-41,\"<p><\/p>\") ; \naddControls2Map(map_ol3js_1,0,0,3,0,5,6,7,0,1);\nosm_addPopupClickhandler(map_ol3js_1,  \"map_ol3js_1\"); \nosm_addMouseHover(map_ol3js_1); <\/script>\n\n\n\n<div style=\"height:39px\" aria-hidden=\"true\" class=\"wp-block-spacer\"><\/div>\n\n\n<h2><span style=\"color: #66ad3d;\">Vous pouvez retrouver certaines de nos annonces sur :<\/span><\/h2>\n<p style=\"text-align: center;\"><div class=\"su-custom-gallery su-custom-gallery-align-left su-custom-gallery-title-never\"><div class=\"su-custom-gallery-slide\" style=\"width:160px;height:160px\"><a href=\"https:\/\/pros.lacentrale.fr\/C043342\/\" target=\"_blank\" title=\"Lacentrale\"><img loading=\"lazy\" decoding=\"async\" src=\"https:\/\/vtmauto.fr\/wp-content\/uploads\/2019\/05\/Lacentrale-160x160.jpg\" alt=\"Lacentrale\" width=\"160\" height=\"160\" \/><span class=\"su-custom-gallery-title\">Lacentrale<\/span><\/a><\/div><div class=\"su-custom-gallery-slide\" style=\"width:160px;height:160px\"><a href=\"https:\/\/www.leboncoin.fr\/boutique\/49019\/vtm_auto.htm?ca=12_s&#038;w=3\" target=\"_blank\" title=\"Leboncoin\"><img loading=\"lazy\" decoding=\"async\" src=\"https:\/\/vtmauto.fr\/wp-content\/uploads\/2019\/05\/Leboncoin-160x160.jpg\" alt=\"Leboncoin\" width=\"160\" height=\"160\" \/><span class=\"su-custom-gallery-title\">Leboncoin<\/span><\/a><\/div><div class=\"su-custom-gallery-slide\" style=\"width:160px;height:160px\"><a href=\"https:\/\/www.facebook.com\/Vehicules.Toutes.Marques\/\" target=\"_blank\" title=\"facebook\"><img loading=\"lazy\" decoding=\"async\" src=\"https:\/\/vtmauto.fr\/wp-content\/uploads\/2019\/05\/facebook-160x160.png\" alt=\"facebook\" width=\"160\" height=\"160\" \/><span class=\"su-custom-gallery-title\">facebook<\/span><\/a><\/div><div class=\"su-clear\"><\/div><\/div>","protected":false},"excerpt":{"rendered":"<p>V\u00e9hicules d&rsquo;occasion toutes marques en Seine-et-Marne &nbsp; Situ\u00e9e dans le sud de la Seine-et-Marne \u00e0 Moret-loing-et-orvanne, VTM AUTO, soci\u00e9t\u00e9 cr\u00e9\u00e9e en 2017, est sp\u00e9cialis\u00e9e dans la vente de v\u00e9hicules utilitaires l\u00e9gers d\u2019occasion. &nbsp; Nous proposons des v\u00e9hicules de soci\u00e9t\u00e9 et de tourisme toutes marques destin\u00e9s aux professionnels et aux particuliers.&hellip; <\/p>\n<p class=\"link-more\"><a href=\"https:\/\/vtmauto.fr\/?page_id=1608\" class=\"more-link\">Lire la suite\u00a0<span class=\"screen-reader-text\">VTMAUTO<\/span><\/a><\/p>\n","protected":false},"author":1,"featured_media":0,"parent":0,"menu_order":0,"comment_status":"closed","ping_status":"closed","template":"","meta":{"footnotes":""},"class_list":["post-1608","page","type-page","status-publish","hentry"],"_links":{"self":[{"href":"https:\/\/vtmauto.fr\/index.php?rest_route=\/wp\/v2\/pages\/1608","targetHints":{"allow":["GET"]}}],"collection":[{"href":"https:\/\/vtmauto.fr\/index.php?rest_route=\/wp\/v2\/pages"}],"about":[{"href":"https:\/\/vtmauto.fr\/index.php?rest_route=\/wp\/v2\/types\/page"}],"author":[{"embeddable":true,"href":"https:\/\/vtmauto.fr\/index.php?rest_route=\/wp\/v2\/users\/1"}],"replies":[{"embeddable":true,"href":"https:\/\/vtmauto.fr\/index.php?rest_route=%2Fwp%2Fv2%2Fcomments&post=1608"}],"version-history":[{"count":79,"href":"https:\/\/vtmauto.fr\/index.php?rest_route=\/wp\/v2\/pages\/1608\/revisions"}],"predecessor-version":[{"id":8919,"href":"https:\/\/vtmauto.fr\/index.php?rest_route=\/wp\/v2\/pages\/1608\/revisions\/8919"}],"wp:attachment":[{"href":"https:\/\/vtmauto.fr\/index.php?rest_route=%2Fwp%2Fv2%2Fmedia&parent=1608"}],"curies":[{"name":"wp","href":"https:\/\/api.w.org\/{rel}","templated":true}]}}